 - 3*f - a. What is the remainder when n is divided by 14?
13
Suppose -57 = -4*b + 11. What is the remainder when b is divided by 10?
7
Let r(s) = 123*s**3 - s**2 - 2*s + 1. Calculate the remainder when r(1) is divided by 31.
28
Let z = 14 + 20. What is the remainder when 35 is divided by 357/z - 6/4?
8
Let l(n) = n**3 - 5*n**2 - 2*n - 4. Suppose -19 = 3*o - 73. Suppose 4*w - o = 10. Calculate the remainder when l(6) is divided by w.
6
Suppose 3*v - 90 = -4*d - d, 15 = 3*v. Let c = d + 1. Suppose 0 = 4*l + q - 0*q - 119, 3*q + 15 = 0. Calculate the remainder when l is divided by c.
15
Let m = 17 - 8. Calculate the remainder when 24 is divided by m.
6
Suppose -18 - 52 = -5*w - 5*p, -5 = -w - 4*p. What is the remainder when 31 is divided by w?
14
Let j = -32 + 56. Calculate the remainder when j is divided by 14.
10
Let i be ((-48)/28)/(2/(-63)). Let n = -32 + i. What is the remainder when 87 is divided by n?
21
Let i = 26 - 11. Calculate the remainder when (-2)/(-7) + 3492/126 is divided by i.
13
Let v be ((-5)/4)/((-1)/24). Suppose 0 = 4*c - y - 63, 3*c - v = -4*y - y. Calculate the remainder when c is divided by 6.
3
Let l(r) = -2*r + 43. Suppose -2 = -2*a - 4. Let t(g) = -13*g. What is the remainder when t(a) is divided by l(19)?
3
Calculate the remainder when (-6)/(-8) + (-554)/(-8) is divided by 19.
13
Suppose 4*j - 3*u + 75 = 0, u = -4*j - u - 70. Let k = j + 32. What is the remainder when 54 is divided by k?
12
Let h(w) = w - 5. Let s be h(7). Suppose 5*n + 5*q - 16 = 4*n, s*n - 3*q + 7 = 0. Calculate the remainder when -2 + 4*9/12 is divided by n.
0
Suppose -2*b - 60 = -0*b. Let j = 76 - 33. Let l = j + b. What is the remainder when 37 is divided by l?
11
Let m = 63 - 32. Let z = m - 3. What is the remainder when z is divided by 132/11 - (1 + -4)?
13
Let c(x) = x**3 - 18*x**2 + 26*x - 64. What is the remainder when c(17) is divided by -1 + 0/(-1) + 24?
20
Let t = 46 - -11. Calculate the remainder when t is divided by 20.
17
Suppose 15 = -m - 1. Let v = 83 - m. What is the remainder when v is divided by 25?
24
Suppose 2*n + 58 = 16. Calculate the remainder when ((-56)/(-12))/((-2)/n) is divided by 13.
10
Calculate the remainder when 14 is divided by (-25)/15*-3 - 0.
4
Let k = 29 + -10. Let g = 3 + 2. What is the remainder when k is divided by g?
4
Let r be (-2)/(-7) + 19/7. Suppose r*u = 6*u - 66. Let g = 36 - u. What is the remainder when g is divided by 4?
2
Let g(r) = r**3 + 4*r - 3. Let f be ((-1)/3)/(1/(-6)). Calculate the remainder when 37 is divided by g(f).
11
Let u(h) = h**3 - 7*h**2 - 18*h + 11. Calculate the remainder when 21 is divided by u(9).
10
Suppose -10*k - k = -880. Calculate the remainder when k is divided by 27.
26
Suppose 7*r - 4*r - 6 = 0. Let s = -8 - -9. Suppose 9 - s = r*q. What is the remainder when q is divided by 2?
0
Let y = 4 - 2. Let v(d) = 3*d**y + 0 - 3*d + 0 - 5. What is the remainder when v(4) is divided by 11?
9
Suppose -8*d - 150 = -13*d. Calculate the remainder when 58 is divided by d.
28
Suppose -2*x + 289 = -3*h, 11*x = 9*x - h + 285. Calculate the remainder when x is divided by 48.
47
Suppose 0*x - 2*x = -16. What is the remainder when 31 is divided by x?
7
Let m(p) = 18*p + 1. Let x = -1 - 1. Let k be 0/(x - -5) - -1. What is the remainder when 36 is divided by m(k)?
17
Let f(w) = -w**3 + 15*w**2 + 14*w + 36. What is the remainder when f(16) is divided by 1?
0
Suppose -2*t + 51 = 5*q, -3*t + 2*q = -2*q - 19. What is the remainder when t is divided by 5?
3
Suppose -d - 4*d + 25 = 0, 2*b - 25 = -5*d. Suppose -3*m + 30 + b = 0. Calculate the remainder when 37 is divided by m.
7
Suppose -2*z + 54 = -h - 62, -5*z - h + 276 = 0. Calculate the remainder when z is divided by 29.
27
Suppose 3*u = -0*u + 72. What is the remainder when u is divided by 7*(-27)/(-2)*(-14)/(-147)?
6
Let k(d) be the second derivative of d**4/6 + 2*d**3/3 - 4*d. Calculate the remainder when k(3) is divided by 16.
14
Let f(x) = 3*x**2 + 8*x - 17. Calculate the remainder when f(5) is divided by 20.
18
Let k = 11 + -7. Suppose 50 = k*r - 2*t, -2*r - 4*t + 30 = -0*t. Calculate the remainder when (50/(-15))/(4/(-30)) is divided by r.
12
Suppose -5*y = 3*j - 5*j + 66, j - 5*y - 28 = 0. Suppose 2*x + 48 = 4*i, 5*x + 152 - 39 = 3*i. Let k = x + j. What is the remainder when k is divided by 9?
7
Let j = 75 - 9. What is the remainder when j is divided by 17?
15
Let o be 2 - (7 - (-8)/2). Let q(b) = -2*b - 5. Calculate the remainder when 37 is divided by q(o).
11
Let k be 1/5 - (-568)/10. Suppose k = 2*j + 17. What is the remainder when 57 is divided by j?
17
Suppose 20 + 22 = 3*p. Calculate the remainder when 40 is divided by p.
12
Suppose 5*p - 6 = v, -3*v - p + 8 + 6 = 0. Suppose 0 = -2*g + v*g - 16. What is the remainder when 14 is divided by g?
6
Let d(f) = f**3 - 5*f**2 + 5*f - 1. Calculate the remainder when 46 is divided by d(5).
22
Let t = 61 + -25. What is the remainder when 70 is divided by t?
34
Calculate the remainder when 74/7 + 18/42 is divided by 7.
4
Let s be (-132)/(-2) - (1 + 1). Suppose -s - 30 = -4*m - 2*q, 0 = m + 2*q - 22. What is the remainder when m is divided by 13?
11
Suppose 15 - 15 = 2*c. Let j be 4/3 - (-2)/3. Let a = c + j. Calculate the remainder when a is divided by 2.
0
Suppose -m = -4*m + 171. Calculate the remainder when m is divided by 12.
9
Let g be 0*(5/(-2) - -2). Let m be g + 2/((-6)/(-129)). Let c = 60 - m. Calculate the remainder when 48 is divided by c.
14
Let i = 13 - 11. What is the remainder when 5 is divided by i?
1
Suppose 7 = 3*v - 3*z - 14, -5*v + 41 = -2*z. Let c be 2/3 + 75/v. Suppose 3*t - 51 = c. What is the remainder when t is divided by 11?
9
Let b = 33 - 21. Suppose 62 = 4*p - 30. What is the remainder when p is divided by b?
11
Let t(w) = 2*w + 1. Let b be t(-4). Let m = b - -28. What is the remainder when m is divided by 6?
3
Let r(y) = y**3 + 9*y**2 - 9*y - 9. Let w be r(-9). Suppose 6*b = 3*b + w. Let k = b - 9. What is the remainder when 28 is divided by k?
13
What is the remainder when 133 is divided by 51*(-1 + 20/12)?
31
Suppose 5*q + 39 = 4*k, -2*q + 4*q - 90 = -5*k. Calculate the remainder when 126 is divided by k.
14
Let i(g) = -2*g**3 + 6*g**2 - 2*g + 7. Suppose d - 5*k = 22 + 4, -k - 9 = -4*d. What is the remainder when i(3) is divided by d?
0
Let o = 1 + -2. Let b = o - -18. Calculate the remainder when b is divided by 6.
5
Calculate the remainder when (29*1)/(3*1/6) is divided by 10.
8
Suppose 2*p = -3*k + 27, -2*p = -3*k - 0*p + 39. Let l(h) = h**2 - 6*h - 7. Calculate the remainder when l(k) is divided by 17.
14
Let r = 13 + -9. What is the remainder when ((-2)/(-3))/((-4)/(-42)) is divided by r?
3
Suppose 9*v + 62 = 521. Suppose -2*k = -6*k + 104. Calculate the remainder when v is divided by k.
25
Let d = -8 - -3. Let k(s) = -2*s. Suppose -w - 3*y = -7, 0 = -2*w + 3*y + 4 + 1. What is the remainder when k(d) is divided by w?
2
Suppose -7*c = -3*c. Suppose 4*x - 12 - 4 = c. What is the remainder when 11 is divided by x?
3
Let c = 29 - 3. Suppose -42 = -5*w - 7. What is the remainder when c is divided by w?
5
Suppose i - 85 = -4*i. Calculate the remainder when 50 is divided by i.
16
Let x = 18 + -51. Let q = 55 + x. Suppose -17 = -5*y + 2*r + 33, -3*r - 15 = 0. What is the remainder when q is divided by y?
6
Let w be (0 - 7/3)*3. Let t(o) = -8*o - 7. Let k be t(w). Suppose -3*j = 5*a - 71, -k = -6*a + 2*a - 5*j. What is the remainder when 30 is divided by a?
14
Let j(f) = -6*f - 1. Let u(y) = y. Let z(d) = -j(d) - u(d). What is the remainder when z(2) is divided by 4?
3
Let c = 0 - -8. Suppose -2*s = 3*s - 25. What is the remainder when c is divided by s?
3
Let f(m) = -22*m**3 - 2*m**2 - m. Let b be -2*3/6*5. Let w(i) = -i**2 - 6*i - 6. Let c be w(b). Calculate the remainder when f(c) is divided by 11.
10
Let t(y) = y**3 - y**2 + 98. Let x = 72 - 47. Calculate the remainder when t(0) is divided by x.
23
Let v = 3 - 4. Let z = 2 - v. Let q = -1 + 9. Calculate the remainder when q is divided by z.
2
Suppose -2*p - 3*p = -20. Suppose -2*y - p*d = -16, y + 2*y - 5*d = 68. Suppose 5*b = b + 36. What is the remainder when y is divided by b?
7
Suppose 2*a = 4*a - 2. Suppose 28 = -w + 3*w. Calculate the remainder when a/(1 + 78/(-81)) is divided by w.
13
Let j = 18 + -1